{"id":22,"date":"2026-02-03T15:08:01","date_gmt":"2026-02-03T15:08:01","guid":{"rendered":"https:\/\/3dimprime.ovh\/?page_id=22"},"modified":"2026-02-04T15:32:57","modified_gmt":"2026-02-04T15:32:57","slug":"impression-3d","status":"publish","type":"page","link":"https:\/\/3dimprime.ovh\/index.php\/impression-3d\/","title":{"rendered":"Impression 3D"},"content":{"rendered":"\t\t<div data-elementor-type=\"wp-page\" data-elementor-id=\"22\" class=\"elementor elementor-22\">\n\t\t\t\t<div class=\"elementor-element elementor-element-42c2629 e-flex e-con-boxed e-con e-parent\" data-id=\"42c2629\" data-element_type=\"container\" data-e-type=\"container\" data-settings=\"{&quot;background_background&quot;:&quot;classic&quot;}\">\n\t\t\t\t\t<div class=\"e-con-inner\">\n\t\t\t\t<div class=\"elementor-element elementor-element-a15d54b elementor-absolute elementor-widget elementor-widget-heading\" data-id=\"a15d54b\" data-element_type=\"widget\" data-e-type=\"widget\" data-settings=\"{&quot;_position&quot;:&quot;absolute&quot;}\" data-widget_type=\"heading.default\">\n\t\t\t\t\t<h2 class=\"elementor-heading-title elementor-size-default\">Imprime sans concessions<\/h2>\t\t\t\t<\/div>\n\t\t\t\t\t<\/div>\n\t\t\t\t<\/div>\n\t\t<div class=\"elementor-element elementor-element-1b244f4 e-con-full e-flex e-con e-parent\" data-id=\"1b244f4\" data-element_type=\"container\" data-e-type=\"container\">\n\t\t<div class=\"elementor-element elementor-element-c746866 e-con-full e-flex e-con e-child\" data-id=\"c746866\" data-element_type=\"container\" data-e-type=\"container\" data-settings=\"{&quot;background_background&quot;:&quot;classic&quot;}\">\n\t\t\t\t<div class=\"elementor-element elementor-element-e92aa95 elementor-align-center elementor-icon-list--layout-traditional elementor-list-item-link-full_width elementor-widget elementor-widget-icon-list\" data-id=\"e92aa95\" data-element_type=\"widget\" data-e-type=\"widget\" data-widget_type=\"icon-list.default\">\n\t\t\t\t\t\t\t<ul class=\"elementor-icon-list-items\">\n\t\t\t\t\t\t\t<li class=\"elementor-icon-list-item\">\n\t\t\t\t\t\t\t\t\t\t\t<span class=\"elementor-icon-list-icon\">\n\t\t\t\t\t\t\t<svg aria-hidden=\"true\" class=\"e-font-icon-svg e-fas-align-justify\" viewBox=\"0 0 448 512\" xmlns=\"http:\/\/www.w3.org\/2000\/svg\"><path d=\"M432 416H16a16 16 0 0 0-16 16v32a16 16 0 0 0 16 16h416a16 16 0 0 0 16-16v-32a16 16 0 0 0-16-16zm0-128H16a16 16 0 0 0-16 16v32a16 16 0 0 0 16 16h416a16 16 0 0 0 16-16v-32a16 16 0 0 0-16-16zm0-128H16a16 16 0 0 0-16 16v32a16 16 0 0 0 16 16h416a16 16 0 0 0 16-16v-32a16 16 0 0 0-16-16zm0-128H16A16 16 0 0 0 0 48v32a16 16 0 0 0 16 16h416a16 16 0 0 0 16-16V48a16 16 0 0 0-16-16z\"><\/path><\/svg>\t\t\t\t\t\t<\/span>\n\t\t\t\t\t\t\t\t\t\t<span class=\"elementor-icon-list-text\">Pr\u00e9cision jusqu'\u00e0 10 microns d'\u00e9paisseur par couches<\/span>\n\t\t\t\t\t\t\t\t\t<\/li>\n\t\t\t\t\t\t\t\t<li class=\"elementor-icon-list-item\">\n\t\t\t\t\t\t\t\t\t\t\t<span class=\"elementor-icon-list-icon\">\n\t\t\t\t\t\t\t<svg aria-hidden=\"true\" class=\"e-font-icon-svg e-fas-toggle-on\" viewBox=\"0 0 576 512\" xmlns=\"http:\/\/www.w3.org\/2000\/svg\"><path d=\"M384 64H192C86 64 0 150 0 256s86 192 192 192h192c106 0 192-86 192-192S490 64 384 64zm0 320c-70.8 0-128-57.3-128-128 0-70.8 57.3-128 128-128 70.8 0 128 57.3 128 128 0 70.8-57.3 128-128 128z\"><\/path><\/svg>\t\t\t\t\t\t<\/span>\n\t\t\t\t\t\t\t\t\t\t<span class=\"elementor-icon-list-text\">Post-traitement des pi\u00e8ces possible<\/span>\n\t\t\t\t\t\t\t\t\t<\/li>\n\t\t\t\t\t\t\t\t<li class=\"elementor-icon-list-item\">\n\t\t\t\t\t\t\t\t\t\t\t<span class=\"elementor-icon-list-icon\">\n\t\t\t\t\t\t\t<svg aria-hidden=\"true\" class=\"e-font-icon-svg e-fas-dot-circle\" viewBox=\"0 0 512 512\" xmlns=\"http:\/\/www.w3.org\/2000\/svg\"><path d=\"M256 8C119.033 8 8 119.033 8 256s111.033 248 248 248 248-111.033 248-248S392.967 8 256 8zm80 248c0 44.112-35.888 80-80 80s-80-35.888-80-80 35.888-80 80-80 80 35.888 80 80z\"><\/path><\/svg>\t\t\t\t\t\t<\/span>\n\t\t\t\t\t\t\t\t\t\t<span class=\"elementor-icon-list-text\">Filaments PLA, ABS , PETG, PC, Nylon, PVA, HIPS, ASA, PP<\/span>\n\t\t\t\t\t\t\t\t\t<\/li>\n\t\t\t\t\t\t<\/ul>\n\t\t\t\t\t\t<\/div>\n\t\t\t\t<\/div>\n\t\t<div class=\"elementor-element elementor-element-3435411 e-con-full e-flex e-con e-child\" data-id=\"3435411\" data-element_type=\"container\" data-e-type=\"container\" data-settings=\"{&quot;background_background&quot;:&quot;classic&quot;}\">\n\t\t\t\t<div class=\"elementor-element elementor-element-d66bd2f elementor-align-center elementor-icon-list--layout-traditional elementor-list-item-link-full_width elementor-widget elementor-widget-icon-list\" data-id=\"d66bd2f\" data-element_type=\"widget\" data-e-type=\"widget\" data-widget_type=\"icon-list.default\">\n\t\t\t\t\t\t\t<ul class=\"elementor-icon-list-items\">\n\t\t\t\t\t\t\t<li class=\"elementor-icon-list-item\">\n\t\t\t\t\t\t\t\t\t\t\t<span class=\"elementor-icon-list-icon\">\n\t\t\t\t\t\t\t<svg aria-hidden=\"true\" class=\"e-font-icon-svg e-fas-angle-double-down\" viewBox=\"0 0 320 512\" xmlns=\"http:\/\/www.w3.org\/2000\/svg\"><path d=\"M143 256.3L7 120.3c-9.4-9.4-9.4-24.6 0-33.9l22.6-22.6c9.4-9.4 24.6-9.4 33.9 0l96.4 96.4 96.4-96.4c9.4-9.4 24.6-9.4 33.9 0L313 86.3c9.4 9.4 9.4 24.6 0 33.9l-136 136c-9.4 9.5-24.6 9.5-34 .1zm34 192l136-136c9.4-9.4 9.4-24.6 0-33.9l-22.6-22.6c-9.4-9.4-24.6-9.4-33.9 0L160 352.1l-96.4-96.4c-9.4-9.4-24.6-9.4-33.9 0L7 278.3c-9.4 9.4-9.4 24.6 0 33.9l136 136c9.4 9.5 24.6 9.5 34 .1z\"><\/path><\/svg>\t\t\t\t\t\t<\/span>\n\t\t\t\t\t\t\t\t\t\t<span class=\"elementor-icon-list-text\">Double extrudeur favorisant les bi-tons<\/span>\n\t\t\t\t\t\t\t\t\t<\/li>\n\t\t\t\t\t\t\t\t<li class=\"elementor-icon-list-item\">\n\t\t\t\t\t\t\t\t\t\t\t<span class=\"elementor-icon-list-icon\">\n\t\t\t\t\t\t\t<svg aria-hidden=\"true\" class=\"e-font-icon-svg e-fas-cube\" viewBox=\"0 0 512 512\" xmlns=\"http:\/\/www.w3.org\/2000\/svg\"><path d=\"M239.1 6.3l-208 78c-18.7 7-31.1 25-31.1 45v225.1c0 18.2 10.3 34.8 26.5 42.9l208 104c13.5 6.8 29.4 6.8 42.9 0l208-104c16.3-8.1 26.5-24.8 26.5-42.9V129.3c0-20-12.4-37.9-31.1-44.9l-208-78C262 2.2 250 2.2 239.1 6.3zM256 68.4l192 72v1.1l-192 78-192-78v-1.1l192-72zm32 356V275.5l160-65v133.9l-160 80z\"><\/path><\/svg>\t\t\t\t\t\t<\/span>\n\t\t\t\t\t\t\t\t\t\t<span class=\"elementor-icon-list-text\">Volume d'impression maximum 305x305x300mm<\/span>\n\t\t\t\t\t\t\t\t\t<\/li>\n\t\t\t\t\t\t\t\t<li class=\"elementor-icon-list-item\">\n\t\t\t\t\t\t\t\t\t\t\t<span class=\"elementor-icon-list-icon\">\n\t\t\t\t\t\t\t<svg aria-hidden=\"true\" class=\"e-font-icon-svg e-fas-drafting-compass\" viewBox=\"0 0 512 512\" xmlns=\"http:\/\/www.w3.org\/2000\/svg\"><path d=\"M457.01 344.42c-25.05 20.33-52.63 37.18-82.54 49.05l54.38 94.19 53.95 23.04c9.81 4.19 20.89-2.21 22.17-12.8l7.02-58.25-54.98-95.23zm42.49-94.56c4.86-7.67 1.89-17.99-6.05-22.39l-28.07-15.57c-7.48-4.15-16.61-1.46-21.26 5.72C403.01 281.15 332.25 320 256 320c-23.93 0-47.23-4.25-69.41-11.53l67.36-116.68c.7.02 1.34.21 2.04.21s1.35-.19 2.04-.21l51.09 88.5c31.23-8.96 59.56-25.75 82.61-48.92l-51.79-89.71C347.39 128.03 352 112.63 352 96c0-53.02-42.98-96-96-96s-96 42.98-96 96c0 16.63 4.61 32.03 12.05 45.66l-68.3 118.31c-12.55-11.61-23.96-24.59-33.68-39-4.79-7.1-13.97-9.62-21.38-5.33l-27.75 16.07c-7.85 4.54-10.63 14.9-5.64 22.47 15.57 23.64 34.69 44.21 55.98 62.02L0 439.66l7.02 58.25c1.28 10.59 12.36 16.99 22.17 12.8l53.95-23.04 70.8-122.63C186.13 377.28 220.62 384 256 384c99.05 0 190.88-51.01 243.5-134.14zM256 64c17.67 0 32 14.33 32 32s-14.33 32-32 32-32-14.33-32-32 14.33-32 32-32z\"><\/path><\/svg>\t\t\t\t\t\t<\/span>\n\t\t\t\t\t\t\t\t\t\t<span class=\"elementor-icon-list-text\">Couleurs \u00e0 la demande<\/span>\n\t\t\t\t\t\t\t\t\t<\/li>\n\t\t\t\t\t\t<\/ul>\n\t\t\t\t\t\t<\/div>\n\t\t\t\t<\/div>\n\t\t\t\t<\/div>\n\t\t<div class=\"elementor-element elementor-element-9736d43 e-flex e-con-boxed e-con e-parent\" data-id=\"9736d43\" data-element_type=\"container\" data-e-type=\"container\" data-settings=\"{&quot;background_background&quot;:&quot;classic&quot;}\">\n\t\t\t\t\t<div class=\"e-con-inner\">\n\t\t\t\t<div class=\"elementor-element elementor-element-5323c12 elementor-widget elementor-widget-heading\" data-id=\"5323c12\" data-element_type=\"widget\" data-e-type=\"widget\" data-widget_type=\"heading.default\">\n\t\t\t\t\t<h2 class=\"elementor-heading-title elementor-size-default\">Scanner 3D : De l'objet au fichier num\u00e9rique<\/h2>\t\t\t\t<\/div>\n\t\t\t\t\t<\/div>\n\t\t\t\t<\/div>\n\t\t<div class=\"elementor-element elementor-element-fe06534 e-flex e-con-boxed e-con e-parent\" data-id=\"fe06534\" data-element_type=\"container\" data-e-type=\"container\">\n\t\t\t\t\t<div class=\"e-con-inner\">\n\t\t<div class=\"elementor-element elementor-element-3ff1e49 e-con-full e-flex e-con e-child\" data-id=\"3ff1e49\" data-element_type=\"container\" data-e-type=\"container\">\n\t\t\t\t<div class=\"elementor-element elementor-element-1107909 elementor-widget elementor-widget-image\" data-id=\"1107909\" data-element_type=\"widget\" data-e-type=\"widget\" data-widget_type=\"image.default\">\n\t\t\t\t\t\t\t\t\t\t\t\t\t\t\t<img fetchpriority=\"high\" decoding=\"async\" width=\"800\" height=\"800\" src=\"https:\/\/3dimprime.ovh\/wp-content\/uploads\/2026\/01\/1715965947instagram-logo-png-1-1024x1024.png\" class=\"attachment-large size-large wp-image-54\" alt=\"\" srcset=\"https:\/\/3dimprime.ovh\/wp-content\/uploads\/2026\/01\/1715965947instagram-logo-png-1-1024x1024.png 1024w, https:\/\/3dimprime.ovh\/wp-content\/uploads\/2026\/01\/1715965947instagram-logo-png-1-300x300.png 300w, https:\/\/3dimprime.ovh\/wp-content\/uploads\/2026\/01\/1715965947instagram-logo-png-1-150x150.png 150w, https:\/\/3dimprime.ovh\/wp-content\/uploads\/2026\/01\/1715965947instagram-logo-png-1-768x768.png 768w, https:\/\/3dimprime.ovh\/wp-content\/uploads\/2026\/01\/1715965947instagram-logo-png-1.png 1500w\" sizes=\"(max-width: 800px) 100vw, 800px\" \/>\t\t\t\t\t\t\t\t\t\t\t\t\t\t\t<\/div>\n\t\t\t\t<\/div>\n\t\t<div class=\"elementor-element elementor-element-aa352e2 e-con-full e-flex e-con e-child\" data-id=\"aa352e2\" data-element_type=\"container\" data-e-type=\"container\">\n\t\t\t\t<div class=\"elementor-element elementor-element-4b8dead elementor-button-info elementor-align-center elementor-widget elementor-widget-button\" data-id=\"4b8dead\" data-element_type=\"widget\" data-e-type=\"widget\" data-widget_type=\"button.default\">\n\t\t\t\t\t\t\t\t\t\t<a class=\"elementor-button elementor-button-link elementor-size-sm\" href=\"https:\/\/www.instagram.com\/3dimprime.ovh\/\" target=\"_blank\">\n\t\t\t\t\t\t<span class=\"elementor-button-content-wrapper\">\n\t\t\t\t\t\t\t\t\t<span class=\"elementor-button-text\">D\u00e9monstration<\/span>\n\t\t\t\t\t<\/span>\n\t\t\t\t\t<\/a>\n\t\t\t\t\t\t\t\t<\/div>\n\t\t\t\t<\/div>\n\t\t\t\t\t<\/div>\n\t\t\t\t<\/div>\n\t\t<div class=\"elementor-element elementor-element-9d81613 e-flex e-con-boxed e-con e-parent\" data-id=\"9d81613\" data-element_type=\"container\" data-e-type=\"container\">\n\t\t\t\t\t<div class=\"e-con-inner\">\n\t\t\t\t<div class=\"elementor-element elementor-element-b32f0ca elementor-widget elementor-widget-heading\" data-id=\"b32f0ca\" data-element_type=\"widget\" data-e-type=\"widget\" data-widget_type=\"heading.default\">\n\t\t\t\t\t<h2 class=\"elementor-heading-title elementor-size-default\">Ces \u00e9quipements 3D vous offre la possibilit\u00e9 d'imprimer des prototype fonctionnel ou bien des objets de d\u00e9coration avec une belle finition<\/h2>\t\t\t\t<\/div>\n\t\t\t\t\t<\/div>\n\t\t\t\t<\/div>\n\t\t\t\t<\/div>\n\t\t","protected":false},"excerpt":{"rendered":"<p>Imprime sans concessions Pr\u00e9cision jusqu&rsquo;\u00e0 10 microns d&rsquo;\u00e9paisseur par couches Post-traitement des pi\u00e8ces possible Filaments PLA, ABS , PETG, PC, Nylon, PVA, HIPS, ASA, PP Double extrudeur favorisant les bi-tons Volume d&rsquo;impression maximum 305x305x300mm Couleurs \u00e0 la demande Scanner 3D : De l&rsquo;objet au fichier num\u00e9rique D\u00e9monstration Ces \u00e9quipements 3D vous offre la possibilit\u00e9 d&rsquo;imprimer [&hellip;]<\/p>\n","protected":false},"author":1,"featured_media":0,"parent":0,"menu_order":0,"comment_status":"closed","ping_status":"closed","template":"","meta":{"footnotes":""},"class_list":["post-22","page","type-page","status-publish","hentry"],"yoast_head":"<!-- This site is optimized with the Yoast SEO plugin v26.9 - https:\/\/yoast.com\/product\/yoast-seo-wordpress\/ -->\n<title>Impression 3D - 3Dimprime.com<\/title>\n<meta name=\"robots\" content=\"noindex, follow, max-snippet:-1, max-image-preview:large, max-video-preview:-1\" \/>\n<meta property=\"og:locale\" content=\"fr_FR\" \/>\n<meta property=\"og:type\" content=\"article\" \/>\n<meta property=\"og:title\" content=\"Impression 3D - 3Dimprime.com\" \/>\n<meta property=\"og:description\" content=\"Imprime sans concessions Pr\u00e9cision jusqu&rsquo;\u00e0 10 microns d&rsquo;\u00e9paisseur par couches Post-traitement des pi\u00e8ces possible Filaments PLA, ABS , PETG, PC, Nylon, PVA, HIPS, ASA, PP Double extrudeur favorisant les bi-tons Volume d&rsquo;impression maximum 305x305x300mm Couleurs \u00e0 la demande Scanner 3D : De l&rsquo;objet au fichier num\u00e9rique D\u00e9monstration Ces \u00e9quipements 3D vous offre la possibilit\u00e9 d&rsquo;imprimer [&hellip;]\" \/>\n<meta property=\"og:url\" content=\"https:\/\/3dimprime.ovh\/index.php\/impression-3d\/\" \/>\n<meta property=\"og:site_name\" content=\"3Dimprime.com\" \/>\n<meta property=\"article:modified_time\" content=\"2026-02-04T15:32:57+00:00\" \/>\n<meta property=\"og:image\" content=\"http:\/\/3dimprime.ovh\/wp-content\/uploads\/2026\/01\/1715965947instagram-logo-png-1-1024x1024.png\" \/>\n<meta name=\"twitter:card\" content=\"summary_large_image\" \/>\n<meta name=\"twitter:label1\" content=\"Dur\u00e9e de lecture estim\u00e9e\" \/>\n\t<meta name=\"twitter:data1\" content=\"1 minute\" \/>\n<script type=\"application\/ld+json\" class=\"yoast-schema-graph\">{\"@context\":\"https:\/\/schema.org\",\"@graph\":[{\"@type\":\"WebPage\",\"@id\":\"https:\/\/3dimprime.ovh\/index.php\/impression-3d\/\",\"url\":\"https:\/\/3dimprime.ovh\/index.php\/impression-3d\/\",\"name\":\"Impression 3D - 3Dimprime.com\",\"isPartOf\":{\"@id\":\"http:\/\/3dimprime.ovh\/#website\"},\"primaryImageOfPage\":{\"@id\":\"https:\/\/3dimprime.ovh\/index.php\/impression-3d\/#primaryimage\"},\"image\":{\"@id\":\"https:\/\/3dimprime.ovh\/index.php\/impression-3d\/#primaryimage\"},\"thumbnailUrl\":\"http:\/\/3dimprime.ovh\/wp-content\/uploads\/2026\/01\/1715965947instagram-logo-png-1-1024x1024.png\",\"datePublished\":\"2026-02-03T15:08:01+00:00\",\"dateModified\":\"2026-02-04T15:32:57+00:00\",\"breadcrumb\":{\"@id\":\"https:\/\/3dimprime.ovh\/index.php\/impression-3d\/#breadcrumb\"},\"inLanguage\":\"fr-FR\",\"potentialAction\":[{\"@type\":\"ReadAction\",\"target\":[\"https:\/\/3dimprime.ovh\/index.php\/impression-3d\/\"]}]},{\"@type\":\"ImageObject\",\"inLanguage\":\"fr-FR\",\"@id\":\"https:\/\/3dimprime.ovh\/index.php\/impression-3d\/#primaryimage\",\"url\":\"https:\/\/3dimprime.ovh\/wp-content\/uploads\/2026\/01\/1715965947instagram-logo-png-1.png\",\"contentUrl\":\"https:\/\/3dimprime.ovh\/wp-content\/uploads\/2026\/01\/1715965947instagram-logo-png-1.png\",\"width\":1500,\"height\":1500},{\"@type\":\"BreadcrumbList\",\"@id\":\"https:\/\/3dimprime.ovh\/index.php\/impression-3d\/#breadcrumb\",\"itemListElement\":[{\"@type\":\"ListItem\",\"position\":1,\"name\":\"Accueil\",\"item\":\"http:\/\/3dimprime.ovh\/\"},{\"@type\":\"ListItem\",\"position\":2,\"name\":\"Impression 3D\"}]},{\"@type\":\"WebSite\",\"@id\":\"http:\/\/3dimprime.ovh\/#website\",\"url\":\"http:\/\/3dimprime.ovh\/\",\"name\":\"3Dimprime.com\",\"description\":\"\",\"publisher\":{\"@id\":\"http:\/\/3dimprime.ovh\/#organization\"},\"potentialAction\":[{\"@type\":\"SearchAction\",\"target\":{\"@type\":\"EntryPoint\",\"urlTemplate\":\"http:\/\/3dimprime.ovh\/?s={search_term_string}\"},\"query-input\":{\"@type\":\"PropertyValueSpecification\",\"valueRequired\":true,\"valueName\":\"search_term_string\"}}],\"inLanguage\":\"fr-FR\"},{\"@type\":\"Organization\",\"@id\":\"http:\/\/3dimprime.ovh\/#organization\",\"name\":\"3Dimprime.com\",\"url\":\"http:\/\/3dimprime.ovh\/\",\"logo\":{\"@type\":\"ImageObject\",\"inLanguage\":\"fr-FR\",\"@id\":\"http:\/\/3dimprime.ovh\/#\/schema\/logo\/image\/\",\"url\":\"https:\/\/3dimprime.ovh\/wp-content\/uploads\/2026\/01\/Logo-entreprise-e1769253111587.png\",\"contentUrl\":\"https:\/\/3dimprime.ovh\/wp-content\/uploads\/2026\/01\/Logo-entreprise-e1769253111587.png\",\"width\":350,\"height\":350,\"caption\":\"3Dimprime.com\"},\"image\":{\"@id\":\"http:\/\/3dimprime.ovh\/#\/schema\/logo\/image\/\"}}]}<\/script>\n<!-- \/ Yoast SEO plugin. -->","yoast_head_json":{"title":"Impression 3D - 3Dimprime.com","robots":{"index":"noindex","follow":"follow","max-snippet":"max-snippet:-1","max-image-preview":"max-image-preview:large","max-video-preview":"max-video-preview:-1"},"og_locale":"fr_FR","og_type":"article","og_title":"Impression 3D - 3Dimprime.com","og_description":"Imprime sans concessions Pr\u00e9cision jusqu&rsquo;\u00e0 10 microns d&rsquo;\u00e9paisseur par couches Post-traitement des pi\u00e8ces possible Filaments PLA, ABS , PETG, PC, Nylon, PVA, HIPS, ASA, PP Double extrudeur favorisant les bi-tons Volume d&rsquo;impression maximum 305x305x300mm Couleurs \u00e0 la demande Scanner 3D : De l&rsquo;objet au fichier num\u00e9rique D\u00e9monstration Ces \u00e9quipements 3D vous offre la possibilit\u00e9 d&rsquo;imprimer [&hellip;]","og_url":"https:\/\/3dimprime.ovh\/index.php\/impression-3d\/","og_site_name":"3Dimprime.com","article_modified_time":"2026-02-04T15:32:57+00:00","og_image":[{"url":"http:\/\/3dimprime.ovh\/wp-content\/uploads\/2026\/01\/1715965947instagram-logo-png-1-1024x1024.png","type":"","width":"","height":""}],"twitter_card":"summary_large_image","twitter_misc":{"Dur\u00e9e de lecture estim\u00e9e":"1 minute"},"schema":{"@context":"https:\/\/schema.org","@graph":[{"@type":"WebPage","@id":"https:\/\/3dimprime.ovh\/index.php\/impression-3d\/","url":"https:\/\/3dimprime.ovh\/index.php\/impression-3d\/","name":"Impression 3D - 3Dimprime.com","isPartOf":{"@id":"http:\/\/3dimprime.ovh\/#website"},"primaryImageOfPage":{"@id":"https:\/\/3dimprime.ovh\/index.php\/impression-3d\/#primaryimage"},"image":{"@id":"https:\/\/3dimprime.ovh\/index.php\/impression-3d\/#primaryimage"},"thumbnailUrl":"http:\/\/3dimprime.ovh\/wp-content\/uploads\/2026\/01\/1715965947instagram-logo-png-1-1024x1024.png","datePublished":"2026-02-03T15:08:01+00:00","dateModified":"2026-02-04T15:32:57+00:00","breadcrumb":{"@id":"https:\/\/3dimprime.ovh\/index.php\/impression-3d\/#breadcrumb"},"inLanguage":"fr-FR","potentialAction":[{"@type":"ReadAction","target":["https:\/\/3dimprime.ovh\/index.php\/impression-3d\/"]}]},{"@type":"ImageObject","inLanguage":"fr-FR","@id":"https:\/\/3dimprime.ovh\/index.php\/impression-3d\/#primaryimage","url":"https:\/\/3dimprime.ovh\/wp-content\/uploads\/2026\/01\/1715965947instagram-logo-png-1.png","contentUrl":"https:\/\/3dimprime.ovh\/wp-content\/uploads\/2026\/01\/1715965947instagram-logo-png-1.png","width":1500,"height":1500},{"@type":"BreadcrumbList","@id":"https:\/\/3dimprime.ovh\/index.php\/impression-3d\/#breadcrumb","itemListElement":[{"@type":"ListItem","position":1,"name":"Accueil","item":"http:\/\/3dimprime.ovh\/"},{"@type":"ListItem","position":2,"name":"Impression 3D"}]},{"@type":"WebSite","@id":"http:\/\/3dimprime.ovh\/#website","url":"http:\/\/3dimprime.ovh\/","name":"3Dimprime.com","description":"","publisher":{"@id":"http:\/\/3dimprime.ovh\/#organization"},"potentialAction":[{"@type":"SearchAction","target":{"@type":"EntryPoint","urlTemplate":"http:\/\/3dimprime.ovh\/?s={search_term_string}"},"query-input":{"@type":"PropertyValueSpecification","valueRequired":true,"valueName":"search_term_string"}}],"inLanguage":"fr-FR"},{"@type":"Organization","@id":"http:\/\/3dimprime.ovh\/#organization","name":"3Dimprime.com","url":"http:\/\/3dimprime.ovh\/","logo":{"@type":"ImageObject","inLanguage":"fr-FR","@id":"http:\/\/3dimprime.ovh\/#\/schema\/logo\/image\/","url":"https:\/\/3dimprime.ovh\/wp-content\/uploads\/2026\/01\/Logo-entreprise-e1769253111587.png","contentUrl":"https:\/\/3dimprime.ovh\/wp-content\/uploads\/2026\/01\/Logo-entreprise-e1769253111587.png","width":350,"height":350,"caption":"3Dimprime.com"},"image":{"@id":"http:\/\/3dimprime.ovh\/#\/schema\/logo\/image\/"}}]}},"_links":{"self":[{"href":"https:\/\/3dimprime.ovh\/index.php\/wp-json\/wp\/v2\/pages\/22","targetHints":{"allow":["GET"]}}],"collection":[{"href":"https:\/\/3dimprime.ovh\/index.php\/wp-json\/wp\/v2\/pages"}],"about":[{"href":"https:\/\/3dimprime.ovh\/index.php\/wp-json\/wp\/v2\/types\/page"}],"author":[{"embeddable":true,"href":"https:\/\/3dimprime.ovh\/index.php\/wp-json\/wp\/v2\/users\/1"}],"replies":[{"embeddable":true,"href":"https:\/\/3dimprime.ovh\/index.php\/wp-json\/wp\/v2\/comments?post=22"}],"version-history":[{"count":8,"href":"https:\/\/3dimprime.ovh\/index.php\/wp-json\/wp\/v2\/pages\/22\/revisions"}],"predecessor-version":[{"id":101,"href":"https:\/\/3dimprime.ovh\/index.php\/wp-json\/wp\/v2\/pages\/22\/revisions\/101"}],"wp:attachment":[{"href":"https:\/\/3dimprime.ovh\/index.php\/wp-json\/wp\/v2\/media?parent=22"}],"curies":[{"name":"wp","href":"https:\/\/api.w.org\/{rel}","templated":true}]}}